. Let l(z) = 130*z**2 - 7*z + 2. Is l(p) composite?
False
Let q be 2 - (1 - (10 - 4)). Let u(r) = 77*r + 6. Is u(q) composite?
True
Let f = 233 - -308. Is 0*(-1)/1 + f a prime number?
True
Let h = 5458 + -2849. Is h composite?
False
Is (-4 - 1)*-1 + -12 + 9496 prime?
False
Let h(l) = l + 2. Let n be h(0). Let u be -3 + -4 + n + 3. Let d(w) = 100*w**2 + w - 1. Is d(u) prime?
True
Suppose 0 = -170*y + 174*y - 3156. Suppose -5*f - s + 5*s = -1315, 5*s + y = 3*f. Is f prime?
True
Suppose -m = 2*b + 10, 4*m + 9 = -3*b - 6. Suppose r - 1701 = 3*p - p, m = r - 3*p - 1705. Is r composite?
False
Let g = 1343 + -58. Is g composite?
True
Let j(s) = 15*s**2 + 2 + 4 - 9 + s**3 - 10*s. Let p be j(-14). Let w = 650 - p. Is w a composite number?
False
Let i be 1/(1/(-3))*10. Let t = i + 31. Is 371/(0 + 1/t) a prime number?
False
Suppose -15*f + 32588 = -11*f. Is f composite?
False
Suppose 20532 = 4*n + s - 58949, -4*n + 79496 = -4*s. Is n a prime number?
False
Let x = 44 + -34. Let t be 7/2 + 15/x. Suppose -70 = 3*q - t*q. Is q a composite number?
True
Suppose 0 = h - 3*h + 1264. Let b = 623 + h. Is b prime?
False
Is -3 + ((-12)/24)/(1/(-3132)) a prime number?
False
Let r(l) = -4*l**2 - 6*l - 65. Let b be r(15). Let j = b - -2082. Is j a composite number?
True
Let s = 25 - 0. Suppose s = 4*v + v. Suppose v*n - 13 - 592 = 0. Is n a prime number?
False
Suppose -3*g = 3*r - 18, 3*g - 28 = 2*r - 0*r. Suppose -g*f - 3*f = -2343. Is f composite?
True
Suppose -4*x - 7 - 9 = 0. Let l be (-3890)/5*2/x. Suppose 5*u - 3*y - l = -0*y, 2*u - 148 = 5*y. Is u composite?
False
Suppose 0 = 7*f - 9*f - 2. Is 11/(-55)*f*655 a prime number?
True
Let u = -13 - -43. Let b = -26 + u. Suppose -b*p + 8309 - 2713 = 0. Is p a prime number?
True
Suppose r = 4*j + 3, 3*j = -j + 4. Suppose r*d - 3*d + 5904 = 0. Is 3 - d/3 - -4 composite?
False
Is (6 - 2 - (-80)/(-16))*-8977 a composite number?
True
Let v(d) = -2*d**3 + d**2 + 3*d - 3. Let l be v(2). Let f = l + 10. Is 193 + f + (-18)/6 a composite number?
False
Let f = 19841 + -10608. Is f composite?
True
Let v(g) = -135*g + 9. Let x be v(-6). Suppose 1415 + x = 2*a. Is a a composite number?
False
Suppose -44 = 3*d + 3*w + 298, 3*w + 3 = 0. Let v = d + 190. Is v a prime number?
False
Is 5/(((-240)/762)/(-8)) a prime number?
True
Let m be (-10)/((-80)/24)*318/(-2). Let g be -457*((-12)/(-2))/3. Let t = m - g. Is t a prime number?
False
Suppose 2*t = -f, -2*t + f + 1 = 5. Is 1 + t + 41 + -6 a prime number?
False
Let g = 54 + -47. Let m(f) = 11*f + 6. Is m(g) a prime number?
True
Suppose -2*v - 3*p - 2192 = 0, 0 = -p - 0*p. Let q = v + 2135. Is q prime?
True
Let f = -4731 + 2429. Is f/(-4)*(-2 + 1 - -3) a composite number?
False
Suppose -2*p = -2*a + 87780, -5*a + 48*p - 51*p = -219442. Is a composite?
False
Let n(a) = 4*a**3 + a**2 - 3*a + 1. Let q(z) = z**2 - 9*z + 5. Let y be q(8). Let x be 5 - (-2 + 2 - y). Is n(x) prime?
True
Suppose -174 = v + 3*v - 2*a, -36 = v + 2*a. Let k be (-2)/(-7) + (-6582)/v. Let q = k - 78. Is q composite?
False
Let g(q) = q**3 + 16*q**2 + 10*q - 29. Let y = 30 + -42. Is g(y) prime?
False
Let c = -2195 - -7902. Is c a prime number?
False
Suppose 4*m - 144 = 2*m. Let r(x) = 6*x + 4. Let h be r(-5). Let o = h + m. Is o a prime number?
False
Suppose -7 = 5*n + 3. Let r be (n/(-3))/(8/(-12)). Is r/(((-3)/(-787))/(-3)) composite?
False
Suppose -3*p - 5*t = -19, 0*p - 4*p + 2*t + 8 = 0. Suppose 246 = p*n + 5*o + 4, -69 = -n - 4*o. Let d = -54 + n. Is d a composite number?
True
Let p(o) = -48*o - 1. Let c(k) = k + 1. Let i(w) = -2*c(w) + p(w). Is i(-7) a composite number?
False
Is 6 + -7 + 4 + 5538 a prime number?
False
Suppose v - 12 = -3*v. Suppose -4*u = -v*u - 53. Let r = u - 4. Is r prime?
False
Let m(h) = -h**3 + 6*h**2 + 50*h - 19. Is m(-16) a composite number?
False
Let x(o) = 64*o**2 - 11*o - 2. Let a = 14 - 9. Is x(a) a composite number?
False
Is ((-6)/(-120)*4)/(3/894945) a composite number?
False
Suppose -g = -3*d + 16, 3 = -g + 8. Suppose 2*z + 5 = d*z. Is (-3)/5*(-86 + z) a composite number?
True
Let v = -1101 + 11150. Is v prime?
False
Is 34113/11 + -2 + (-240)/(-132) a prime number?
False
Let v(s) = -s**3 + 7*s**2 - 5*s - 1. Let f be v(6). Let z(y) = 2*y**2 + 2. Let u be z(2). Is ((-802)/f)/((-4)/u) a prime number?
True
Suppose -1673 = -2*l - n + 4040, 5*n + 11419 = 4*l. Suppose -l = -10*h + 26854. Is h composite?
False
Let f(m) = -41*m. Let n = 23 + -25. Is f(n) prime?
False
Let g = -14771 - -47868. Is g prime?
False
Let k(q) be the second derivative of q**4/12 + 5*q**3/6 - 3*q**2/2 + 4*q. Is k(-6) prime?
True
Let j(t) be the first derivative of 1 + 4*t - 1/2*t**2 + 4/3*t**3. Is j(-3) a prime number?
True
Let z(m) = m - 15. Let b be z(15). Suppose p = -b - 4, 1020 = 4*t - p. Is t composite?
True
Let b(q) = -q + 18. Let u be b(14). Suppose -4*a + 2547 = u*v + v, v = -a + 636. Suppose -7*h + a = -4*h. Is h a prime number?
True
Let y(t) = 71*t**2 - 6*t + 1. Let a be y(-3). Suppose s = -s + a. Is s prime?
False
Suppose -5*f + 23039 + 17766 = 3*d, -4*d - 4*f + 54420 = 0. Suppose d = p + p. Is p a composite number?
True
Suppose 2*s = -0*s. Let l be 8/1 - (s - -4). Suppose a = t + 101, -t - 233 - 159 = -l*a. Is a a composite number?
False
Let l = -546 + 1266. Suppose 5*f + 3*c = -l + 235, 3*f - 2*c + 272 = 0. Is (-2 - -3) + 0 - f prime?
False
Suppose -417 + 3574 = 11*j. Is j prime?
False
Let r = 33460 + -18329. Is r a composite number?
False
Suppose a + 4*o = -a - 50, 3*a = -o - 80. Let w be 36/a*144/2. Let l = w - -257. Is l a prime number?
False
Is 16163/14*(0 - -2) a composite number?
False
Suppose 0 = -5*w + 3*b + 25780, -3*w - 5*b + 15479 = -9*b. Is w a prime number?
True
Let q(i) = 955*i**2 - 2*i - 3. Let f be q(-3). Let l be f/24 - 2/8. Suppose -13 = 5*h - l. Is h prime?
False
Suppose 0 = -12*q + 14*q. Suppose q = 3*m - 8*m + 165. Is m a composite number?
True
Suppose 8*m - 45 = 3*m. Suppose -m*y + 0*y = -1179. Is y prime?
True
Let g = 296 - 292. Suppose -250 = -0*z - 2*z. Suppose g*r + r = z. Is r a composite number?
True
Let p(f) = 9*f**3 - 8*f**2 + 2*f - 5. Is p(6) prime?
True
Let g be (-387 - 1)*(-4)/16. Let w = g - -114. Is w/(-7 + 3 - -5) a prime number?
True
Suppose 22*y - 5*z = 19*y + 16597, -5*y + 4*z = -27679. Is y a composite number?
True
Let y be (54/(-8))/((-15)/40). Suppose -x + 53 = -y. Is x/3 + (-2)/3 a prime number?
True
Suppose -5*l = 5*w - 2440, -w + 445 = 4*l - 46. Suppose 2*i = -5*t + 10*t + w, -3*i + 3*t = -744. Is i a prime number?
True
Suppose -14*r = -17*r - 46830. Is r/(-30) - (-4)/6 composite?
False
Let j = -892 - -1578. Suppose -4*q = -30 - j. Is q composite?
False
Let v be 42/(-63)*3/2. Is (-16 + -4)*((-167)/(-4))/v a prime number?
False
Suppose 4*a + a - 125 = 0. Suppose -7*r = -2*r - a. Suppose 0 = -r*d + i - 5*i + 911, 0 = -d - i + 183. Is d prime?
True
Suppose 5*u + 6*r - 2*r = -30, u - 5*r = 23. Is (-1438)/2*(1 + u) composite?
False
Let m(u) = 3*u**2 + 3*u - 24. Let s be m(7). Let t = -6 - -14. Is (2 + s)/(t/12) a prime number?
False
Let w(p) = p**3 + 7*p**2 + 6*p + 7. Let k be w(-6). Suppose -k*m + m = -10644. Suppose 2*b - 885 = h, 4*b + 0*h + 2*h = m. Is b composite?
False
Let d = -244 + 17115. Is d prime?
True
Let x(u) = 21*u - 19. Let f be x(-14). Let o = f + 620. Is o a prime number?
True
Let n = -8 - -14. Suppose -j + 3 - n = 0. Let k(y) = -20*y**3 + 5*y**2 - y - 1. Is k(j) composite?
False
Let j(p) = 3*p**2 + p. Let x be j(1). Is -1*(x - 11 - 0) composite?
False
Let m(p) = 100*p**2 + 3*p - 14. Is m(-3) prime?
True
Suppose 2*g = 3*g - 5*z - 50, 2*z = 2. Let n = 7 + -3. Let i = g - n. Is i a composite number?
True
Let j(u) = -8*u + 36. Let g be j(5). Is (2173 - -6)/(-2 + (-1 - g)) a prime number?
True
Let m(u) = u**3 - 3*u**2 + 29*u + 111. Is m(26) a composite number?
True
Let b(o) = -8*o**3 - o**2 - 3*o - 1. Let v be b(-1). Suppose v*p - 40910 = -p. Is p composite?
False
Let q = 122 - 118. Suppose -4450 = -5*g + c, 2*c - 6*c - 3576 = -q*g. Is g a prime number?
False
Let h(b) = 3608*b**2 - b - 8. Is h(-3) prime?
True
Let o(v) = 9*v**3 - 16*v**2 + 5*v + 1. Is o(10) composite?
False
Let b = -5 - -3. Is 167/(3*b/(-18)) a composite number?
True
Let k = 665 - 433. Suppose k = x - 619. Is x a prime number?
False
Suppose -3*y - c - 3*c = -6, -y - 4*c + 2 = 0. Let